ors of y.
2, 653
Let n(t) be the first derivative of 3*t**4/4 - t**3 + 3*t**2/2 - 5*t + 22. List the prime factors of n(2).
13
Suppose q = -q + 126. Suppose -198 = -3*k + q. List the prime factors of k.
3, 29
Suppose 5*j + 5 - 217 = 2*z, 212 = -2*z - 3*j. Let a = z - -224. List the prime factors of a.
2, 59
Let l(b) = 75*b + 3. Let c(v) = -299*v - 11. Let p(g) = -2*c(g) - 9*l(g). What are the prime factors of p(-1)?
2, 3
Suppose -5*b + 1588 = 4*d - 6*b, 3*b = d - 397. What are the prime factors of d?
397
Let l(z) be the second derivative of 17*z**3/6 - 8*z. What are the prime factors of l(1)?
17
List the prime factors of (3 - (-51)/(-21))/((-2)/(-1589)).
2, 227
Suppose 158 = z - 35. Suppose i = 5*f - i - z, -4*f - 5*i = -128. What are the prime factors of f?
37
Suppose 31*i - 9092 = 20885. What are the prime factors of i?
967
Suppose 0 = -6*c + 2*c + 16. Suppose -2*f + 3*f + c = 0. Let h(z) = -2*z**3 - 5*z**2 + 4*z + 5. List the prime factors of h(f).
37
Let s(j) = j**2 + 15*j + 25. Let t be s(-18). Let y = t + -5. List the prime factors of y.
2, 37
Let o(l) = 6*l + 8. Let j(w) = -1. Let n(z) = 6*j(z) + o(z). Let i be n(-1). List the prime factors of i - (-6 + 2 - 49).
7
Suppose 0 = -5*y - 116 + 416. Let l = -32 + y. What are the prime factors of l?
2, 7
Let d(w) = -9*w - 44. Let o(l) = -l**2 + 7*l - 14. Let c be o(8). List the prime factors of d(c).
2, 7, 11
Suppose -51*s = -54*s - 24132. What are the prime factors of s/(-44) + 8/44?
3, 61
Suppose -4*r + 113 = a, 0 = r - 7*a + 8*a - 26. What are the prime factors of r?
29
Let a = 78 + -45. What are the prime factors of a?
3, 11
Suppose d - 52 = -5*w - 2*d, 4*w - 2*d - 46 = 0. Suppose 4*r = w*r - 2058. What are the prime factors of r?
2, 3, 7
Let l(r) = 3*r**2 - 4*r + 9. What are the prime factors of l(9)?
2, 3
Let o(z) = 5*z - 15. Let y be o(3). Suppose -6*g + 2*g + 276 = y. What are the prime factors of g?
3, 23
Let x(c) = -11*c - 1. Let f(w) = -w + 2. Let b be f(1). Suppose -j - b = 2. List the prime factors of x(j).
2
Suppose 9*q - 4*o - 19 = 4*q, o - 32 = -4*q. Let y = -5 + q. Suppose 50 = y*c + 3*v - 30, -3*c - v + 106 = 0. What are the prime factors of c?
2, 17
Suppose 0 = 2*c - 6*c + 24. Suppose -7*n + 64 = -c*n. What are the prime factors of n?
2
Suppose 8*g - 10*g + 6 = 0. Suppose 0 = 3*f + g*w - 186, f + f - 126 = -4*w. List the prime factors of f.
61
Let f = 142 - 146. Let a(p) = -p**3 - 7*p - 21. What are the prime factors of a(f)?
71
Let t(r) = 11*r**3 - r**2 + r - 1. Let m be t(1). Let y be (m/8)/(3/84). Suppose 2*p + 3*p = 2*q + 38, -5*p + 5*q + y = 0. List the prime factors of p.
2
Let f(g) = -5*g + 4. Let b = 19 + -15. Let k be ((-6)/2)/(b/4). List the prime factors of f(k).
19
Suppose -2*d = -o - 21, 4*d + o - 4*o - 47 = 0. Let j = 8 - d. Suppose -l + j = -20. List the prime factors of l.
2, 5
Suppose -7*a = 6*a - 3796. What are the prime factors of a?
2, 73
Let u = -6 - -10. Suppose -13 = u*p + 11. Let w(i) = i**3 + 6*i**2 - i - 2. What are the prime factors of w(p)?
2
Let s(h) = -h**3 - 3*h**2 + 10*h + 4. Let u be s(-8). Suppose 6*q - 266 = u. What are the prime factors of (4/5)/(2/q)?
2, 17
Let h = 7554 + -5385. List the prime factors of h.
3, 241
Suppose 2*d - 5*r = 19, -4*r - r = 15. Let x be 7/((-28)/(-104)) - d. Suppose -4*m - 3*j = -123, m - 5 = j + x. List the prime factors of m.
2, 3, 5
Let y be 7152/64 + 1/4. Let u be (9/(-4))/((-42)/y). Suppose u*a - 2*x = a + 120, 0 = 5*a - x - 115. What are the prime factors of a?
2, 11
Suppose 0 = d + 2, -k + 7 = 4*d - 43. What are the prime factors of k?
2, 29
Let d be 6/(-8) - 902/(-8). Suppose 0 = 3*x - 4*x + d. Suppose -4*g + x = -a, 19 + 31 = 2*g - 2*a. List the prime factors of g.
29
Let m(o) = 29*o**2 + 36*o + 43. What are the prime factors of m(9)?
2, 7, 97
Let h(p) = p**2 + 5*p + 1. Let b be h(-4). Let y be ((-10)/8)/(b/12). Suppose 0 = -4*z + y*c + 161, -4*z - c - 24 = -155. List the prime factors of z.
2, 17
Suppose 0 = -2*b - 4*a + 1596, -2*b + b - 4*a = -800. List the prime factors of b.
2, 199
Let v = -179 - -113. What are the prime factors of (-4)/((-12)/9) - v?
3, 23
Let y(g) = -2*g**3 + 10*g**2 - 12*g + 5. Let u be y(7). Let n be (1 - 3 - u)/1. Suppose -6*x + n = x. List the prime factors of x.
3, 13
Suppose -6*w = 3210 - 10818. What are the prime factors of w?
2, 317
Let b = -1331 - -1967. What are the prime factors of b?
2, 3, 53
Suppose 4*q = -m + 3245, 4*m + 58 = 2*q - 1578. List the prime factors of q.
2, 7, 29
Let h(c) = c**3 - 2*c**2 - 9*c + 20. Let l(z) = z**3 - 11*z**2 - 12*z + 6. Let i be l(12). What are the prime factors of h(i)?
2, 5, 11
Suppose -10*g + 51 = -9. What are the prime factors of ((-4)/g)/(2/(-60))?
2, 5
Let u be -38 + 0 - (19 - 15). Let x = u - -92. List the prime factors of x.
2, 5
Let b(q) = -q**3 + 3*q**2 - 2. Let n be b(2). Suppose -r + 217 = -4*x, n*x = 3*r - x - 642. List the prime factors of r.
3, 71
Let t be 121/22 - (-2)/(-4). Suppose t*s + p + p = 206, -s = -3*p - 48. List the prime factors of s.
2, 3, 7
Let o = -104 - -198. Let y = 150 - o. List the prime factors of y.
2, 7
Let c(z) = 2*z**2 - 3*z + 1. Let d(i) = 6*i**2 - i - 2. Let o be d(-1). List the prime factors of c(o).
2, 3
Suppose -20 = -4*f + 3*l, 6*f - 2*f + 5*l + 12 = 0. Suppose -f*r + 6*r = 224. List the prime factors of r.
2, 7
Suppose -6*p = -p + 35. Let q = 54 + p. List the prime factors of q.
47
Let l(x) = 50*x - 56. What are the prime factors of l(9)?
2, 197
Let a be (-44)/11 - (-1 - (-2 - -5)). Let z(d) = d**3 + d**2 - d + 243. What are the prime factors of z(a)?
3
Suppose -5*m = -5*v + 57 - 12, -5*v - 2*m + 52 = 0. What are the prime factors of 91*1 + -12 + v?
89
Suppose -84 = -4*c + 48. Suppose 4*y - 103 = c. List the prime factors of y.
2, 17
Let f = 2 + -134. Let v = -51 - f. Suppose 5*y = -5, 5*d + 3*y - v = -y. What are the prime factors of d?
17
Let y(p) be the second derivative of p**5/20 - p**4/4 + 13*p**3/6 + 2*p**2 - 9*p. Let q be y(6). Let k = q - 136. What are the prime factors of k?
2, 3
Let x(u) = 138*u**3 + u**2 + 8*u - 11. List the prime factors of x(2).
3, 7, 53
Suppose -4*h + 2*c = -0*c - 188, 5*c + 20 = 0. List the prime factors of 11*5*36/h.
2, 11
Let r be (45 - -1) + -1 + 0. Let g = -691 + 675. Let o = g + r. What are the prime factors of o?
29
Let t(w) = -w**2 + 39*w - 41. What are the prime factors of t(12)?
283
Suppose -5*z + 693 - 18 = 0. Suppose 0 = -5*w - z + 580. What are the prime factors of w?
89
Let k be 10 - 5 - (-2 - 7). Suppose -d = -k - 188. List the prime factors of d.
2, 101
Suppose -5*v - 4 = 1, 2*v = 3*o - 11. Suppose 0 = -j + 2*w + 45, 8*w - 6*w - 103 = -o*j. List the prime factors of j.
37
Let i(j) = j**3 + j**2 - j - 8. Let k(o) = o**3 - 9. Let u(l) = -3*i(l) + 2*k(l). Let b(f) = -f**2 - f - 4. Let a be b(0). What are the prime factors of u(a)?
2, 5
Let h be 28 - ((-2 - 2) + 0). Let n = h - 22. Suppose -n*o + 385 = -3*o. List the prime factors of o.
5, 11
Suppose 2*b + 1066 = 2*m, m + 2*b = 5*b + 525. What are the prime factors of m?
3, 179
Suppose 3*u - k = -u + 1025, 0 = 2*k + 10. Suppose 2*f - u + 35 = 0. List the prime factors of f.
2, 5, 11
Let t = -11 - 10. Let f = t - -64. What are the prime factors of f?
43
Let v(o) = 107*o**3 - 10*o**2 + 15*o - 4. List the prime factors of v(2).
2, 421
Suppose -7*y + 4*y + 2391 = 0. Suppose -15*w + y = -28. List the prime factors of w.
5, 11
Let v be (4 - -2)*(0 - 1/(-3)). What are the prime factors of -1 + (-2142)/(-12) + 1/v?
2, 89
What are the prime factors of 1646/10 + (-16)/(-40)?
3, 5, 11
Let u = -840 - -1340. List the prime factors of u.
2, 5
Let h(l) = 255*l**3 - 2*l**2 + 5*l - 3. Let i = 69 - 68. List the prime factors of h(i).
3, 5, 17
List the prime factors of (-62353)/(-46) - 3/(-2).
23, 59
Let i(q) = -q - 10. Let c be i(-22). List the prime factors of (-5)/(10/c)*7/(-2).
3, 7
List the prime factors of 59 + ((-12)/(-6) - 3).
2, 29
Suppose -3*u - 5*a + 1487 + 104 = 0, 5*u + 2*a = 2677. What are the prime factors of u?
3, 179
Let t(z) = -z - 22. Let h be t(-22). Suppose -3*s + 109 + 65 = h. List the prime factors of s.
2, 29
Suppose 2*r + b = 11, -4*r + 4*b + 43 = -b. Suppose -r*f + 135 = -4*f. List the prime factors of f.
3, 5
Suppose -o + 18 = -0*o - 2*m, 4*m - 72 = -4*o. What are the prime factors of o?
2